 Suppose 2*f + 205 = h*k - 0*f, 3*f - 195 = -3*k. What are the prime factors of k?
67
Let d(u) = 18*u**2 - u + 1. Let y(q) = -q**2 - 3*q - 2. Let j be y(-2). Suppose 0 = -2*l + 2 - j. List the prime factors of d(l).
2, 3
Let u(c) = 4*c + 14. Let b(o) = -9*o - 28. Let x(a) = -2*b(a) - 5*u(a). Let m be x(-11). Let z = m - -17. What are the prime factors of z?
5
Let i be (-62)/(-12) - 2/12. Suppose 4*n + 3 = -i. List the prime factors of (-101)/(-3) + n/3.
3, 11
Suppose 0 = 2*g + g - 12. Let p be (-1 - 0) + 36 + g. Suppose -10 - 3 = -q + 4*b, -p = -3*q + 3*b. What are the prime factors of q?
13
Let f = -28 + 43. Let v(a) = a - a + 14*a**2 - f*a**2 + 7*a. What are the prime factors of v(6)?
2, 3
Let g be (-165)/(-2) + (-7)/(-14). Let c = g + -23. List the prime factors of c.
2, 3, 5
Suppose -n = -6*n - 4*k + 2464, n - 2*k - 490 = 0. What are the prime factors of n?
2, 3, 41
Suppose -1846 = -12*m + 10*m - 4*l, 5*l = -2*m + 1849. What are the prime factors of m?
7, 131
Let d be (-268)/(-52) - (-4)/(-26). Let s be 15*(4/d)/(-1). List the prime factors of (-82)/(-3) + s/(-18).
2, 7
Let o(f) = -f + 3. Let p be o(11). Let b(m) = -7*m - 6. Let x be b(p). What are the prime factors of (60/x)/((-2)/(-60))?
2, 3
List the prime factors of (-5)/(60/(-102))*2*41.
17, 41
Let j be -2 + (74 - -1 - -1). List the prime factors of (33/11 + 2*-1)*j.
2, 37
Suppose 3*p - 33 = -3*u, p + 3*u = 5*u + 26. Let a be (246/(-4))/(-3)*p. Suppose z - 9*z = -a. List the prime factors of z.
41
Suppose 0 = -4*h - 4, -2*n + 6*n + h = 4739. What are the prime factors of n?
3, 5, 79
Let h(p) = -8*p - 3. Let k be h(-2). Suppose 3*i - 5 - k = 0. Suppose -i*m + m = -40. List the prime factors of m.
2
Let w(c) = 2*c - 51. Let g(t) = -t + 25. Let x(z) = 7*g(z) + 3*w(z). What are the prime factors of x(18)?
2
Suppose 0*m - 4*i = -2*m + 5048, 2*m + i = 5068. What are the prime factors of m?
2, 3, 211
Let g = 690 - 691. Let z be -31 - (2 - 1)*-1. What are the prime factors of ((-35)/(-21))/(g/z)?
2, 5
Suppose j - 3*r + 1 = 3*j, -2*r - 6 = -2*j. Suppose -w - 2*a = -64, -5*w + 3*a + 201 = -j*w. List the prime factors of w.
2, 3, 11
Let g(u) = -u**3 - 4*u**2 - 2*u - 3. Let s be g(-4). Suppose -4*m + 174 = 5*v, 0 = -s*v - m + 4*m + 202. List the prime factors of v.
2, 19
Let x(y) = -357*y - 162. What are the prime factors of x(-4)?
2, 3, 211
Suppose -131 = -4*b + 4*f - 3*f, 3*b = -2*f + 101. Let p be 60/b + 2/11. Suppose p*u - 28 = -2*o, 5*u - 80 = u + 2*o. What are the prime factors of u?
2, 3
Suppose -90 = -2*b + 80. Let u = b - 42. Let z = 74 - u. List the prime factors of z.
31
Suppose -5*v + 63 = -2*v. Let m = v - 16. List the prime factors of m.
5
Let k = 29 - 29. Suppose k = -5*s - 138 + 468. What are the prime factors of s?
2, 3, 11
Let r = 1421 + -736. List the prime factors of r.
5, 137
Let z(c) = c**3 - 12*c**2 + 12*c - 6. Let i be z(11). Suppose k - 2*d - 54 = -k, -i*k + 2*d = -141. What are the prime factors of k?
29
Let s = 2593 - 892. List the prime factors of s.
3, 7
Let z(p) = p**3 - 7*p**2 + 8*p - 3. Let c be z(6). Let q(i) = i + 12. Let l be q(-7). Suppose -c*v + 168 = -l*v. What are the prime factors of v?
2, 3, 7
Suppose 3*d - 81 = 84. Let n = -33 + d. What are the prime factors of n?
2, 11
Let d = -1455 + 2949. List the prime factors of d.
2, 3, 83
Let z(k) = -k - 6. Let p = 16 - 10. Let x(l) = -6. Let f(b) = p*x(b) - 6*z(b). What are the prime factors of f(2)?
2, 3
Suppose 0 = 6*l + 35*l - 58958. What are the prime factors of l?
2, 719
Let a(o) = o**3 + 10*o**2 - o - 4. Suppose 2*l - 2 - 6 = 0. Let t = l - 14. What are the prime factors of a(t)?
2, 3
What are the prime factors of (20/14)/(3/210)?
2, 5
Let l = -19 + 24. Suppose -3*r - t + 18 = -l*t, 5*t + 9 = -3*r. List the prime factors of r.
2
Let j be 19/2 + (-21)/14. Suppose -122 = -3*s - j. What are the prime factors of s?
2, 19
Let o(r) = r**2 + r + 3. Let z be o(-7). Let q = z - 1. List the prime factors of q.
2, 11
Suppose -5*t + 0*t - 20 = 0. Let s be t*3/(-6) + -2. Suppose s*a - 32 = -4*j - 2*a, 4*a = -8. List the prime factors of j.
3
Suppose -3554 = 18*s - 15254. List the prime factors of s.
2, 5, 13
Let r = -21 - -52. Suppose r = -s + 141. Suppose -4*m - s = -n - 4*n, 2*n + 2*m = 26. List the prime factors of n.
2, 3
Let t be (-206)/(11/(-3) + 3) - 3. Suppose -3*k + t = 90. What are the prime factors of k?
2, 3
Let q(u) = -u**2 + 4*u**2 + 2*u + 15 - 16. Let m be q(1). Let j(b) = 2*b**2 - 8*b + 10. List the prime factors of j(m).
2, 5
Let t = -439 - -998. List the prime factors of t.
13, 43
Let a = 13 + -13. Suppose -8 + a = -x. Suppose -7 - x = -3*m. What are the prime factors of m?
5
Let z(t) = t**3 + 11*t**2 + t + 16. Let f be z(-11). Let q(j) = j**2 - 3*j - 7. Let o be q(f). List the prime factors of (0 + 13 + o)/1.
2
Suppose -32*s + 29783 = -19*s. List the prime factors of s.
29, 79
Let b(a) = 3*a**3 + 2*a**2 - a - 2. Let d be b(-1). Let k(u) be the third derivative of -u**6/60 - u**4/12 + u**3/6 + 2*u**2. List the prime factors of k(d).
3, 7
Let j(z) = -5*z. Let s be j(7). Let a = s - -86. What are the prime factors of a?
3, 17
Let a(y) = 9*y**2 - 5*y + 2*y**2 - 11*y**2 + 4*y**2 + 44. List the prime factors of a(6).
2, 79
Let i(y) = y**2 + 4*y - 6. Let b be i(-5). Let w be -2*(-1 + b/2). Suppose 3*k - 72 = -3*z, -w*k + 7*k = 4*z - 88. List the prime factors of z.
23
Let r(i) = -3*i + 5. Let z be r(-5). Suppose -3*n + 24 = 4*l - l, -z = -3*l - 2*n. Suppose 19 = -3*p + l*p. List the prime factors of p.
19
What are the prime factors of (-14)/((-28)/1914) - 7?
2, 5, 19
Let h(a) = a**3 - 10*a**2 + 11*a - 6. Let f be h(9). Suppose -t + 4*y + y + 14 = 0, -2*y = -2*t + f. List the prime factors of -30*6/(-9) + t.
2, 3
Let g = -8 - 9. Let b = 29 + g. List the prime factors of b.
2, 3
Let n = 3 - -1. Let y(q) = -2*q + 2. Let v be y(1). Suppose x + n*j + 4 = 27, -4*x - 3*j + 79 = v. List the prime factors of x.
19
Let p be 4/6 + (-234)/27. Let j(c) = c**3 + 9*c**2 + 4*c + 12. List the prime factors of j(p).
2, 11
Let b(r) = 5*r**2 - 11*r + 71. What are the prime factors of b(-17)?
13, 131
Let c = -28 + 8. Let b = 23 - c. List the prime factors of b.
43
Suppose -3*w = -8*w - 150. Let j be 36/w*(-4 - 1). Suppose -j*o = -41 - 25. What are the prime factors of o?
11
Suppose -3*z + 86 = -4*d, -11*z + 12*z = -d + 24. What are the prime factors of z?
2, 13
Suppose 2*q - 3305 = 5*u, 0 = -2*u + 6*u - 4. What are the prime factors of q?
5, 331
What are the prime factors of 5/2 + (-4)/8*-757?
3, 127
Let f = 37 + -19. Let t be 1/(-6) + 75/f. Suppose l = t + 9. List the prime factors of l.
13
Suppose 0 = 2*j + 3*j - 4*r - 21, 0 = 3*j - 5*r - 23. Let c(g) = g - 3. Let v be c(j). List the prime factors of 102/((-1)/(v/3)).
2, 17
Suppose 5*c - c - 944 = -3*w, -3*w = 5*c - 1177. What are the prime factors of c?
233
Let v(u) = u + 13. Let o be v(-8). Suppose -5*a + 465 = -0*a - 5*h, -h + o = 0. List the prime factors of a.
2, 7
Let q(v) = 57*v**2 + 2*v + 7. Let c(x) = x**3 + 5*x**2 + 2*x - 10. Let u be c(-4). List the prime factors of q(u).
3, 7, 11
Suppose 0 = -0*o - o - 5*f + 16, -2*o + 2 = -5*f. List the prime factors of 4/o*(1 + 35).
2, 3
Let x(q) = -10*q + 109. List the prime factors of x(-11).
3, 73
Suppose 33*v = 40*v - 5859. What are the prime factors of v?
3, 31
Let m be (6/9)/((-6)/(-135)). Suppose 0 = 3*x - 2*x - m. Suppose b - x = 4. List the prime factors of b.
19
Suppose -4*w + 4*q + 2920 = 0, -389 - 3253 = -5*w + q. List the prime factors of w.
2, 7, 13
Suppose -c = -5*y + 457, -1 = 4*c + 7. Let z = -56 + y. Let f = -24 + z. List the prime factors of f.
11
Let r = -823 - -1328. What are the prime factors of r?
5, 101
Let t(i) be the second derivative of i**5/60 - i**4/12 + i**3 - 5*i**2/2 - 3*i. Let x(h) be the first derivative of t(h). What are the prime factors of x(4)?
2, 7
Suppose 4*x + 161 = -131. Let k = -103 - x. Let l = -21 - k. List the prime factors of l.
3
Suppose o - 4*o + 15 = v, -4*o + 16 = 0. Suppose -s + 125 = 2*z, v*z = -3*s + 316 + 74. List the prime factors of s.
3, 5
Suppose 2*r + 17 = 9. List the prime factors of 61/(-4)*(-8 - r).
61
Suppose 5*y - 456 = -106. Suppose -k - y = -2*l, 4*l - 160 = k - 4*k. List the prime factors of l.
37
Let a = 137 - 126. Let d(o) = 3*o**2 - 10*o + 5. What are the 